. What is the units digit of a?
5
Let w(c) = 0*c + 3 - c + 3. What is the units digit of w(-6)?
2
Let j = -161 - -31. What is the units digit of 4/14 - j/35?
4
What is the tens digit of 4/(-8)*(-96)/1?
4
Suppose -19 = 5*r - 129. What is the units digit of r?
2
Let l(o) be the first derivative of -3*o + 1/4*o**4 + 3/2*o**2 + 2 + 5/3*o**3. What is the units digit of l(-3)?
6
Let a be (-12)/18*6/(-2). Let n(o) = a + 13*o + 1 - 4*o**3 + 3*o**3 - o + 10*o**2. What is the tens digit of n(11)?
1
What is the tens digit of (1/4)/((-3)/(-348))?
2
Let n(c) = c + 6. What is the units digit of n(15)?
1
Let j(v) = v**3 + 11*v**2 - 14*v + 16. What is the tens digit of j(-12)?
4
Suppose -2*a = 3*a - 350. What is the units digit of a?
0
What is the units digit of 16/(-3)*(-36)/8?
4
Suppose -6 = -3*a + 90. Suppose -p - 3*p = -a. What is the units digit of p?
8
Let u(i) = -46*i - 28. What is the tens digit of u(-4)?
5
What is the tens digit of 1380/33 + (-4)/(-22)?
4
Suppose -28 = j - 2*j + 5*d, -5*d = 15. Suppose -3 = 2*s - j. What is the units digit of s?
5
Suppose -24 = 5*m - 4*v, 3*m - 4 = -4*v - 12. What is the tens digit of (2 + m)*50/(-4)?
2
Let n = -18 + 23. What is the units digit of n?
5
Suppose 6*h - 8*h = -56. What is the units digit of h?
8
Let o be 22*1 + -10 + 7. Let q = -36 + o. Let t = q + 28. What is the tens digit of t?
1
Let r = 17 + -11. Let w be 4/r - (-14)/6. Suppose 5*k = w*i + 16 - 77, 2*k = 3*i - 46. What is the units digit of i?
2
Let p = -8 + 55. What is the tens digit of p?
4
Suppose 32 - 16 = -4*k. Let r(n) = 3*n**2 + 2*n - 3. Let d(t) = -4*t**2 - 2*t + 4. Let c(w) = 2*d(w) + 3*r(w). What is the units digit of c(k)?
7
Let c be ((-8)/(-5))/(8/20). Suppose 3*s - c = -5*w, -48 = -6*s + 2*s + 4*w. What is the units digit of s?
8
What is the tens digit of (4464/(-54))/((-2)/6)?
4
Let x(u) = 3*u**2 + 5. What is the units digit of x(2)?
7
Suppose i - 57 + 13 = 0. Suppose i = 3*p + 8. Suppose 4*j - 4 = 4*s, j + 4*s = -1 + p. What is the units digit of j?
3
Let n(h) = -h. Let g be n(-6). Suppose -12 = -4*y + 2*x, -5*x = -2*x + g. Suppose -y*s + 1 = o - 2*o, o = -5*s + 13. What is the units digit of o?
3
Let q(v) = -2*v**2 + 3*v. Let k be q(3). Let f be 6*(15/k - -2). Suppose -f*u + 5 = -u. What is the units digit of u?
5
Let u = -3 - -1. Let w be (-5)/((-10)/(-24)) - u. Let v = w - -15. What is the units digit of v?
5
Let m(p) = p**3 + 11*p**2 + 9*p - 6. Let t be m(-10). Let n(y) = 3*y - 5*y**2 + 7 + 4*y**2 + 0*y**2 - t. What is the units digit of n(3)?
3
Let w be 36*((-4)/(-2))/6. Suppose 4*s - 76 = -w. What is the tens digit of s?
1
Let k = 4 - 11. Let j = k - -32. What is the tens digit of j?
2
Suppose 36 - 11 = -4*y + 5*f, -3*f = y - 15. Suppose y = -4*x + 2*x + 2. What is the units digit of x?
1
Suppose 3*h = q + 290, 4*h - 5*q - 405 = -0*h. Let n be (-2)/(-3) + h/15. Let u = -4 + n. What is the units digit of u?
3
Let h be 3/(-3) + (-22)/2. Let m be 4*3*3/h. Let p(o) = o**3 + 4*o**2 - 1. What is the units digit of p(m)?
8
Suppose -163 = -5*v + 4*u, v - 2*u - 29 = -0*u. What is the units digit of v?
5
Let q be (-3 - 19/(-7))*-7. Suppose 0*t - 8 = -q*t. Suppose 2*x = t + 4. What is the units digit of x?
4
Suppose 5 + 7 = a. What is the tens digit of a?
1
Suppose 3*y - 95 = -0*o + 5*o, 2*y + o - 46 = 0. What is the tens digit of y?
2
Let a = 537 + -200. What is the tens digit of a?
3
Suppose -q = -0*q + 16. Let i = q + 24. What is the units digit of i?
8
Suppose 0 = r - 3*f - 1, r - 3*r + f = 3. What is the tens digit of (-18 - 2)/(r + 1)?
2
Let o be -4*(-2 - 15/(-4)). Let k = 17 + o. What is the units digit of k?
0
Let i(f) be the second derivative of -f**3 - f**2 + f. What is the tens digit of i(-2)?
1
Let x = -17 + 11. What is the units digit of (-31)/(-2) - x/12?
6
Let w be (-1228)/(-18) + (-4)/18. Suppose 5*h + 23 = w. Suppose 0 = -6*j + 3*j + h. What is the units digit of j?
3
Let g = -2 + 4. What is the units digit of 3 + (g/2 - 1)?
3
Let o(t) = -t. Let y be (2/(-6))/((-6)/90). Suppose -5*q - 32 = 4*u + 10, -36 = y*q + 2*u. What is the units digit of o(q)?
6
Let f = 40 - 7. What is the tens digit of f?
3
Let q(z) = z**3 + 9*z**2 - 3*z + 5. What is the units digit of q(-9)?
2
Let i = 28 - 16. Suppose 4*u + 4 = i. Suppose 0 = u*p - 7*p + 5. What is the units digit of p?
1
Let o = 8 - -8. What is the tens digit of o?
1
Let c = -21 + 17. What is the units digit of c/(-14) - (-160)/28?
6
Let x be (1 - 2)*(-2 + 1). Suppose 3 + x = r. Let y = -2 + r. What is the units digit of y?
2
Let o be 1/(-3 - (-20)/6). What is the units digit of (7/(-2))/(o/(-6))?
7
Let t(h) = 3*h**2 + 10*h - 31. What is the tens digit of t(-10)?
6
Let x(u) = u + 9. Let l = -21 - -12. Let p be x(l). Suppose 4*z - 4*q - 16 = p, 5*z - 2*q - 1 = 31. What is the units digit of z?
8
Suppose 2*u = -6*w + 2*w + 10, -4*u - 30 = -2*w. Let o(d) be the third derivative of d**5/60 - 5*d**4/24 + 5*d**3/6 - d**2. What is the units digit of o(w)?
5
Suppose -4*m - 8 = 0, 0*m + 6 = -n - m. What is the units digit of (n - -3)*-23 - 1?
2
Let j = -14 - -2. What is the units digit of (-9)/j - (-37)/4?
0
Let a(h) = 24*h**3 + 2*h - 2. What is the units digit of a(2)?
4
Let a be 3/(-3)*3 - -19. Suppose -4*c = a, 3*g - 7*g - 4*c = -24. What is the units digit of g?
0
Let k be (-4)/(-6) + 259/21. Let r = k + -12. What is the units digit of r?
1
Let o(a) = -a + 8. Let j be o(6). Suppose -j*m + 3*m = 23. What is the units digit of m?
3
Suppose 0*k + 2*k + m = 126, -5*m = 0. Suppose l - 4*l = -k. Suppose -l = -7*x + 4*x. What is the units digit of x?
7
Suppose -3*c = -53 + 17. What is the tens digit of c?
1
What is the units digit of 2 - (-3 + -39) - 2?
2
Suppose -3*f - 43 - 5 = 0. What is the tens digit of ((-210)/20)/(6/f)?
2
Let y be (-39)/9 + (-1)/(-3). Let l = -10 - y. What is the units digit of (l/9)/((-4)/78)?
3
Let p = 1 - 0. Let o = 0 + p. What is the units digit of (-10)/(-2) + 0 + o?
6
Suppose 0 = -5*v, 2*q - 67 = -2*v + 77. Let r = q - 51. What is the tens digit of r?
2
Let r = -54 + 105. What is the units digit of r?
1
Suppose 27*k - 282 = 25*k. What is the hundreds digit of k?
1
Suppose 0 = 4*l - 4*u + 28, 2*l - 4*u + 16 = 4*l. Let y be 32/(-6) - l/(-3). Let a = 9 + y. What is the units digit of a?
3
Suppose 0 = 6*p - 2*p + 108. Let m = p - -76. What is the tens digit of m?
4
Let v(l) = -4*l. What is the tens digit of v(-7)?
2
Suppose 2*l + 12 = c - 40, 3*c - 2*l - 148 = 0. What is the units digit of c?
8
Suppose 0 = -2*o - 5*j + 42, 3*j = 4*o - o - 63. Let l(m) = m - 6*m + 6*m + m**3 + o. What is the units digit of l(0)?
1
Let i = -195 - -392. What is the hundreds digit of i?
1
Suppose 95 = 2*l + 3*a + 2*a, 0 = -4*a + 20. What is the tens digit of l?
3
Suppose 0 = 5*b + 24 - 74. What is the units digit of b/(-5) + 10/1?
8
Let u(x) = -19*x + 2. What is the tens digit of u(-7)?
3
Let q be (-1)/(-3)*3*5. Suppose 0 = -0*x - q*x - 15. What is the units digit of 1*11 - (-1 - x)?
9
Let f = -4 - -10. Suppose f*i = 3*i + 6. What is the units digit of i?
2
Let g(z) = -z**3 - 13*z**2 + 27*z - 5. What is the units digit of g(-15)?
0
Let x(d) = 3*d**2 + 35*d + 24. What is the hundreds digit of x(-14)?
1
Let q = 28 + -16. What is the units digit of q?
2
Let m be (5/2)/(2/4). Suppose m*p = 6 + 9. What is the units digit of p?
3
Let b = 278 - 169. What is the units digit of b?
9
Suppose 0*g + 2*g - 8 = 0. Suppose 4*m - 2*m = g. What is the units digit of m?
2
What is the units digit of 287/4 - -2 - (-30)/(-40)?
3
Let b = 0 - -2. Suppose -y - 4*z = -1 + b, 9 = 4*y + 3*z. What is the units digit of y?
3
Let r(i) = i**2 - 6*i - 6. Suppose 0*a + 18 = 3*l - 3*a, 0 = l + a - 6. Let w be (5 - 2)*16/l. What is the units digit of r(w)?
0
Let v be (-2)/4*(-840)/4. Suppose -2*a = -7*a + v. What is the tens digit of a?
2
Let n(u) = -u**2 - 3*u. Let x be n(-4). Let w(y) = 2*y - 2. Let i be w(x). What is the units digit of (-46)/i + 2/5?
5
Let d be 2/8 + (-110)/(-8). Let u be (-4)/(-10) + d/(-10). Let x = u - -7. What is the units digit of x?
6
Let g(f) be the first derivative of 9*f**2/2 - 4*f - 1. What is the units digit of g(2)?
4
Suppose 3*h - 71 = -23. Let r = h - 8. What is the units digit of r?
8
What is the units digit of 2/(-5) + 192/30?
6
Suppose 4*z = -u - 20 - 0, -z = 5. Let w = u - -18. Supp